9
List the prime factors of 36249.
3, 43, 281
List the prime factors of 15683.
15683
What are the prime factors of 107217?
3, 11, 19
List the prime factors of 50546.
2, 127, 199
What are the prime factors of 794?
2, 397
List the prime factors of 1459.
1459
List the prime factors of 290.
2, 5, 29
What are the prime factors of 849?
3, 283
List the prime factors of 6219.
3, 691
What are the prime factors of 1376?
2, 43
What are the prime factors of 19101?
3, 6367
List the prime factors of 41698.
2, 20849
What are the prime factors of 4537?
13, 349
List the prime factors of 3476.
2, 11, 79
List the prime factors of 2176.
2, 17
What are the prime factors of 296?
2, 37
What are the prime factors of 9720?
2, 3, 5
List the prime factors of 14877.
3, 19, 29
List the prime factors of 509.
509
What are the prime factors of 20136?
2, 3, 839
List the prime factors of 40407.
3, 13469
What are the prime factors of 1093?
1093
What are the prime factors of 35140?
2, 5, 7, 251
List the prime factors of 577.
577
List the prime factors of 884.
2, 13, 17
List the prime factors of 16391.
37, 443
What are the prime factors of 404?
2, 101
List the prime factors of 1219.
23, 53
List the prime factors of 12563.
17, 739
List the prime factors of 8267.
7, 1181
What are the prime factors of 7363?
37, 199
What are the prime factors of 1909?
23, 83
What are the prime factors of 1647?
3, 61
What are the prime factors of 181?
181
What are the prime factors of 3983?
7, 569
What are the prime factors of 92?
2, 23
List the prime factors of 31668.
2, 3, 7, 13, 29
What are the prime factors of 7129?
7129
List the prime factors of 83080.
2, 5, 31, 67
List the prime factors of 711.
3, 79
What are the prime factors of 820?
2, 5, 41
List the prime factors of 7183.
11, 653
What are the prime factors of 1416?
2, 3, 59
What are the prime factors of 60?
2, 3, 5
What are the prime factors of 1528?
2, 191
List the prime factors of 15132.
2, 3, 13, 97
List the prime factors of 6893.
61, 113
What are the prime factors of 294?
2, 3, 7
What are the prime factors of 2690?
2, 5, 269
List the prime factors of 5081.
5081
What are the prime factors of 752?
2, 47
What are the prime factors of 112?
2, 7
List the prime factors of 4987.
4987
List the prime factors of 1261.
13, 97
List the prime factors of 1493.
1493
List the prime factors of 41054.
2, 13, 1579
List the prime factors of 983.
983
What are the prime factors of 891?
3, 11
What are the prime factors of 1358?
2, 7, 97
What are the prime factors of 1013?
1013
What are the prime factors of 24607?
11, 2237
List the prime factors of 18520.
2, 5, 463
What are the prime factors of 1703?
13, 131
What are the prime factors of 18979?
18979
List the prime factors of 9065.
5, 7, 37
List the prime factors of 47991.
3, 17, 941
List the prime factors of 12441.
3, 11, 13, 29
What are the prime factors of 76946?
2, 79, 487
What are the prime factors of 33073?
33073
List the prime factors of 1767.
3, 19, 31
List the prime factors of 3673.
3673
List the prime factors of 1484.
2, 7, 53
List the prime factors of 756.
2, 3, 7
List the prime factors of 537.
3, 179
What are the prime factors of 5528?
2, 691
List the prime factors of 10641.
3, 3547
List the prime factors of 3892.
2, 7, 139
List the prime factors of 1754.
2, 877
What are the prime factors of 14206?
2, 7103
What are the prime factors of 34592?
2, 23, 47
What are the prime factors of 6425?
5, 257
What are the prime factors of 36516?
2, 3, 17, 179
List the prime factors of 21644.
2, 7, 773
What are the prime factors of 6170?
2, 5, 617
What are the prime factors of 46061?
46061
List the prime factors of 8055.
3, 5, 179
List the prime factors of 21388.
2, 5347
List the prime factors of 57600.
2, 3, 5
What are the prime factors of 238?
2, 7, 17
List the prime factors of 1681.
41
List the prime factors of 33147.
3, 29, 127
List the prime factors of 21820.
2, 5, 1091
List the prime factors of 9038.
2, 4519
What are the prime factors of 32028?
2, 3, 17, 157
What are the prime factors of 1902?
2, 3, 317
What are the prime factors of 112267?
131, 857
What are the prime factors of 2732?
2, 683
List the prime factors of 73474.
2, 17, 2161
What are the prime factors of 556?
2, 139
What are the prime factors of 420?
2, 3, 5, 7
What are the prime factors of 280?
2, 5, 7
What are the prime factors of 837?
3, 31
What are the prime factors of 2524?
2, 631
What are the prime factors of 1265?
5, 11, 23
List the prime factors of 2152.
2, 269
List the prime factors of 1295.
5, 7, 37
List the prime factors of 242.
2, 11
What are the prime factors of 775?
5, 31
List the prime factors of 28460.
2, 5, 1423
What are the prime factors of 411?
3, 137
List the prime factors of 11678.
2, 5839
What are the prime factors of 19731?
3, 6577
What are the prime factors of 1848?
2, 3, 7, 11
List the prime factors of 3405.
3, 5, 227
List the prime factors of 190933.
431, 443
List the prime factors of 1080.
2, 3, 5
What are the prime factors of 1137?
3, 379
What are the prime factors of 58009?
7, 8287
List the prime factors of 15.
3, 5
What are the prime factors of 927?
3, 103
List the prime factors of 1320.
2, 3, 5, 11
What are the prime factors of 130343?
130343
List the prime factors of 448.
2, 7
What are the prime factors of 48518?
2, 17, 1427
List the prime factors of 2714.
2, 23, 59
What are the prime factors of 7468?
2, 1867
List the prime factors of 1297.
1297
List the prime factors of 53121.
3, 17707
What are the prime factors of 918?
2, 3, 17
What are the prime factors of 35?
5, 7
What are the prime factors of 690?
2, 3, 5, 23
What are the prime factors of 218?
2, 109
What are the prime factors of 2794?
2, 11, 127
What are the prime factors of 37382?
2, 18691
What are the prime factors of 2811?
3, 937
List the prime factors of 1073.
29, 37
List the prime factors of 2511.
3, 31
What are the prime factors of 27664?
2, 7, 13, 19
What are the prime factors of 13895?
5, 7, 397
What are the prime factors of 3607?
3607
What are the prime factors of 1503?
3, 167
List the prime factors of 9227.
9227
What are the prime factors of 21536?
2, 673
List the prime factors of 5182.
2, 2591
List the prime factors of 71656.
2, 13, 53
List the prime factors of 214.
2, 107
What are the prime factors of 69698?
2, 34849
List the prime factors of 110760.
2, 3, 5, 13, 71
List the prime factors of 43606.
2, 21803
What are the prime factors of 6651?
3, 739
What are the prime factors of 9404?
2, 2351
List the prime factors of 1542.
2, 3, 257
List the prime factors of 16688.
2, 7, 149
What are the prime factors of 8662?
2, 61, 71
List the prime factors of 4319.
7, 617
List the prime factors of 6493.
43, 151
List the prime factors of 2560.
2, 5
What are the prime factors of 606?
2, 3, 101
What are the prime factors of 2969?
2969
What are the prime factors of 451?
11, 41
List the prime factors of 18565.
5, 47, 79
List the prime factors of 1791.
3, 199
What are the prime factors of 3335?
5, 23, 29
List the prime factors of 61745.
5, 53, 233
What are the prime factors of 37921?
13, 2917
List the prime factors of 14411.
14411
List the prime factors of 7753.
7753
List the prime factors of 11238.
2, 3, 1873
List the prime factors of 26133.
3, 31, 281
List the prime factors of 21118.
2, 10559
List the prime factors of 337.
337
What are the prime factors of 6127?
11, 557
What are the prime factors of 194082?
2, 3, 7, 4621
What are the prime factors of 10818?
2, 3, 601
List the prime factors of 7019.
7019
List the prime factors of 975.
3, 5, 13
List the prime factors of 6509.
23, 283
List the prime factors of 20470.
2, 5, 23, 89
List the prime factors of 63.
3, 7
List the prime factors of 15939.
3, 7, 11, 23
What are the prime factors of 99838?
2, 49919
List the prime factors of 7762.
2, 3881
What are the prime factors of 2577?
3, 859
List the prime factors of 29409.
3, 9803
What are the prime factors of 49744?
2, 3109
What are the prime factors of 148?
2, 37
List the prime factors of 547.
547
List the prime factors of 15050.
2, 5, 7, 43
List the prime factors of 2796.
2, 3, 233
List the prime factors of 27144.
2, 3, 13, 29
What are the prime factors of 21754?
2, 73, 149
What are the prime factors of 1189?
29, 41
List the prime factors of 3655.
5, 17, 43
What are 